f p?
5
Suppose -f = -5*j + 21, 14*f = 11*f + j - 21. What is the hundreds digit of (764*f/(-36))/((-4)/(-24))?
7
Suppose 60*p - 43302 = -4*w + 59*p, -4*p + 32496 = 3*w. What is the thousands digit of w?
0
Suppose -69*d = 52*d - 781055. What is the thousands digit of d?
6
Suppose -7*h + 2445 = -2*h - 5*n, -2*h + 986 = 2*n. Let s = h + 292. What is the hundreds digit of s?
7
Let w = 16798 + -14510. What is the units digit of w?
8
Let v = 2504 + -1341. Let i = v + -810. Suppose i + 1231 = 11*x. What is the tens digit of x?
4
Let g(n) = 6*n + 4 - 8*n**2 + 18*n**2 + 6*n**2 - n**2. Let j(k) = -44*k**2 - 17*k - 13. Let x(z) = -8*g(z) - 3*j(z). What is the tens digit of x(-3)?
0
Suppose j + 2068 = 4*k, k - 2*j = 5*k - 2056. Suppose 0 = -9*r + 2451 - k. What is the units digit of r?
5
Let o = 7888 - 5248. What is the tens digit of o?
4
Suppose 37*y - 128 + 17 = 0. Suppose y*h = 15*h - 1896. What is the units digit of h?
8
Suppose 24*j + 35143 = 41*j - 113352. What is the hundreds digit of j?
7
Suppose 2*n = 11*n + 243. What is the tens digit of n/3 - 20235/(-19)?
5
Let g(j) = -2*j**2 - 76*j - 35. Let z = 4 + -31. What is the hundreds digit of g(z)?
5
Let u(g) be the first derivative of -g**2 - 5*g - 3. Let i be u(-5). Suppose 0*r + 558 = i*p - 2*r, 3*p - 334 = 2*r. What is the tens digit of p?
1
Let q = 1060 + -697. Suppose -o + 0*p + p = -177, q = 2*o + p. What is the tens digit of o?
8
Let w be -20*(-7)/(-56)*(0 - 2). Let b(n) = 283*n + 176. What is the units digit of b(w)?
1
Let k(w) = w**3 + 13*w**2 + 9*w - 35. Let f be k(-12). Let m = -176 - -221. What is the tens digit of (-30)/m - (f + 260/(-3))?
8
Let a be 9*1 + (-5)/(5/4). Suppose 3*r = 3*b + 219, 7*r - 5*r - 131 = a*b. Suppose -77*s - 109 = -r*s. What is the units digit of s?
9
Let d(t) = -t - 9. Let o be 10/(-15)*498/(-4). Suppose -4*b - o = 5*r - 13, 5*r = -b - 25. What is the units digit of d(b)?
6
Let n be 15932/6*(-66)/(-44). Suppose -6*j = 5*s - 4*j - n, 3*s + 2*j = 2393. What is the tens digit of s?
9
Let i(d) = -84*d**2 + 9*d. Let h(b) = 84*b**2 - 10*b + 1. Let a(z) = -4*h(z) - 5*i(z). What is the tens digit of a(-2)?
4
Let s = 5 + -7. What is the units digit of -85*(s - (-27)/(-5))?
9
Suppose -140*w + 513692 + 50088 = 0. What is the units digit of w?
7
Suppose -4*f = -0*q - 5*q + 700, 0 = -3*f. Suppose 0 = 141*z - q*z. Suppose 19*w - 17*w - 176 = z. What is the tens digit of w?
8
Let j(b) = 602*b - 54. Let z be j(5). Suppose -3*f = 4*i - z, i = -6*f + 4*f + 739. What is the hundreds digit of i?
7
Suppose -5*m + 71713 = -12*r + 15*r, -28710 = -2*m + 5*r. What is the ten thousands digit of m?
1
Let d(c) = 23*c**2 + 16*c - 33. Let y(j) = -5*j**2 - j + 2. Let l(x) = d(x) + 4*y(x). Suppose 0 = -7*v + 2*v - 60. What is the hundreds digit of l(v)?
2
Let k(n) = n**2 + 5*n - 19. Let j be k(-8). Suppose -3*q = -0*q + 9, -33 = -4*a - j*q. Suppose a*o + 174 = 18*o. What is the tens digit of o?
2
Let r = -17973 + 56065. What is the hundreds digit of r?
0
Let w = 485 + -487. What is the units digit of 4/w*((-4333)/14 + 2)?
5
Suppose -17*r + 28*r = -121. What is the units digit of (-4)/(-1)*(10 + r) + 675?
1
Suppose -4788 = 29*t - 17838. What is the tens digit of 18*-5*t/(-54)?
5
Let k = 65 - -8105. What is the thousands digit of k?
8
Suppose -l = 2*p + 15, 0 = l - 2*p + 5*p + 19. Let u = -707 + 1001. What is the hundreds digit of (((-54)/7)/3)/(l/u)?
1
Let m(q) be the third derivative of q**6/24 - q**5/60 + q**4/24 - q**3/3 + 2*q**2. Suppose 5*b = -20 + 30. What is the units digit of m(b)?
6
Let a(w) be the third derivative of w**5/12 - 17*w**4/6 + 17*w**3/6 + 10*w**2. What is the hundreds digit of a(15)?
1
Suppose -5*q + 30186 = 38*q. Suppose -5*v + 1638 = -q. What is the hundreds digit of v?
4
Let w(s) = -28*s**2 - 7*s + 8. Let q be w(-4). Let r = q - -752. What is the hundreds digit of r?
3
Let p(r) = -r + 2 - 2 - 2125*r**2 + 2638*r**2. Let i be p(1). Suppose 4*c + 2*t = 936, -5*c + 2*t + 649 + i = 0. What is the hundreds digit of c?
2
Let v(o) = -7*o**3 - 3*o**2 - 29*o - 151. What is the tens digit of v(-10)?
3
Suppose -2*v + 3 = v. Let b be 1098/27 - v/(-3). Let x = b - 22. What is the tens digit of x?
1
Let v(f) = 5123*f - 10. Let b be v(-4). What is the tens digit of b/(-36) - 1*(-9)/(-6)?
6
Suppose -3*j + 50 = -2*g, 3*j - 117 + 11 = 4*g. Let s be (-63)/g - 1/4. Suppose -495 = -5*t + 2*o, 3*o = s*t - o - 182. What is the hundreds digit of t?
1
Suppose -2775 = -274*s + 279*s. Let x = -32 - s. What is the units digit of x?
3
Suppose 887580 = -26*m + 56*m. What is the tens digit of m?
8
Let k(r) = -2*r - 12. Let d be k(-12). Suppose 4*c + d = 0, -f + 3*c = -2*c - 13. Let l = f + 23. What is the tens digit of l?
2
Let t = 44 - 24. Let d = 25 - t. Suppose -v = -a - 2*v + 130, -d*a = 3*v - 648. What is the hundreds digit of a?
1
Let u = 76 + -160. What is the units digit of (-6278)/(-14) - (-6)/u*6?
8
Suppose 4*b = 10*b - 18. Suppose -6*g - i = -b*g + 42, 0 = -g + 4*i - 1. Let j = g - -89. What is the tens digit of j?
7
Suppose -5*y + 15 = 0, -5*o + 32319 = -2*y - 4035. What is the units digit of o?
2
Let t be (3 + (-2)/2)*406. Suppose -2*r - 406 = -2*p, 3*p = 7*p + 3*r - t. What is the tens digit of p?
0
Let u(s) = s + 76. Let p be u(19). Suppose -p = -5*q + 475. What is the tens digit of q?
1
Let m = -57 - -569. Let f = m - -493. Suppose -5*x - f = -5*u, -3*u - x + 589 = 3*x. What is the tens digit of u?
9
Suppose -1200 = -252*l + 257*l. Let h = -114 - l. What is the hundreds digit of h?
1
Let a(t) = -17*t - 237. Let z be a(-15). Suppose 860 = -13*v + z*v. What is the hundreds digit of v?
1
Let m(c) = c**3 - 13*c**2 + 3*c + 17. Let u be m(13). What is the hundreds digit of -5 - ((-1934)/5 - u/(-70))?
3
Let y(q) = 9*q - 3*q**2 - 6*q**2 + 15 + 8*q**3 - 9*q**3. Let n be y(-10). Suppose 0 = z - 67 - n. What is the tens digit of z?
9
Suppose d + 11 = 3*g, -5*g - 2*d + 22 = -0*d. Suppose g*l - 4 = 2*u, -4*u - 38 = l - 3*l. What is the hundreds digit of 4/u - (655/(-3) + 2)?
2
Let i = -28050 + 51087. What is the tens digit of i?
3
Let r(t) be the second derivative of -13*t**3/6 + 20*t**2 - 50*t. What is the tens digit of r(-3)?
7
Let l = 18528 - 12019. What is the units digit of l?
9
Suppose -7678 = w - 50888. What is the hundreds digit of w?
2
Let z = 46 + -42. Suppose 0*s = -2*s + 30. Let g = s + z. What is the tens digit of g?
1
Suppose 38597*s - 38590*s - 213059 = 0. What is the ten thousands digit of s?
3
Let w(z) = 3*z**3 + 5*z**2 - 11*z + 10. Let v be w(6). What is the tens digit of 20/4 + 18 + v?
9
Let g be (3 - 2)*9 + 0. Let y(k) = -k**3 + 12*k**2 - 8*k - 3. Let d be y(g). Suppose 5*b - d = 42. What is the tens digit of b?
4
Let q be (-5 - 0)*(0/10 + -1). Suppose 0 = -q*d - c + 247 + 255, 4*d = -5*c + 389. What is the tens digit of d?
0
Let v be 4888/5 - 48/30. Let c = v - 197. What is the units digit of c?
9
Let z = 59 + -56. Suppose 168 = -4*r - g, -g - 45 = -2*r + z*r. Let u = -23 - r. What is the tens digit of u?
1
Suppose 16 - 4 = 6*b. Let z(r) = 3 - 28*r + 14*r**2 + 24*r + 4*r**b. What is the hundreds digit of z(-3)?
1
Suppose -2*i - 5*c = -4319, 3*c + 2176 - 44 = i. Suppose -13*s + i = 860. What is the tens digit of s?
9
Let w(a) = a**3 + 16*a**2 + 21*a - 5. Let p be w(-15). Let r = p + 97. Suppose 0 = -r*m + 174 + 40. What is the tens digit of m?
0
Let k = -84 - -86. Suppose 7*z = 6*z + k. Suppose 5 = z*m + 2*a - a, 4*a - 4 = 0. What is the units digit of m?
2
Let q(r) = 2271*r + 4325. What is the tens digit of q(14)?
1
Let y be 1/((3 - 0)/9) - -212. Suppose -8*w - 336 = -9*w. Let k = w - y. What is the units digit of k?
1
Suppose 3*d + 52528 = 4*w, -61*d + 60*d + 26264 = 2*w. What is the ten thousands digit of w?
1
Let i be (-5 - (-21)/5)*5/(-2). Suppose 3*y + 1 + 3 = 2*k, i*k = -3*y + 16. Suppose -k*f + 835 = 5. What is the units digit of f?
6
What is the tens digit of (16/(-6))/(7/(-2016))?
6
Let n = 15591 + -8378. What is the tens digit of n?
1
Let m(s) = s**3 + 25*s**2 - 47*s + 32. What is the hundreds digit of m(-14)?
8
Suppose 15*s = -20 + 20. Suppose -5*a + 3660 = 5*d, a + 0 + 2 = s. What is the units digit of d?
4
Let u = 724 + -679. Suppose -u*p + 44650 = 3250. What is the hundreds digit of p?
9
Let y be 7/4*-2*400/(-28). Suppose y = -z + 195. What is the units digit of